ase 11.
-604
Convert 171ba8 (base 13) to base 10.
575414
Convert 3b58c (base 13) to base 14.
2c551
-12133160 (base 7) to base 13
-2bc505
What is 751803 (base 12) in base 7?
21465612
What is 965b3 (base 12) in base 8?
602327
What is 550110 (base 9) in base 4?
1100013030
What is -114a3b (base 12) in base 10?
-277967
-50347 (base 14) to base 3
-100210101012
Convert -46665 (base 7) to base 5.
-341003
1000010101010010111110 (base 2) to base 5
1024400012
What is 101001000010000110 (base 2) in base 16?
29086
Convert 10120221110021 (base 3) to base 6.
104521524
Convert -300198 (base 10) to base 12.
-125886
What is -11011111111011000 (base 2) in base 9?
-184236
Convert -49d0d (base 15) to base 8.
-714445
What is 137341 (base 8) in base 15?
e72a
What is 300624 (base 7) in base 3?
2120121000
-5928665 (base 10) to base 15
-7c1995
-210001101100 (base 4) to base 11
-536a226
-233231212231 (base 4) to base 13
-278c035
What is -12134053 (base 6) in base 3?
-201121020020
Convert 6b9b56 (base 13) to base 10.
2563632
Convert -11140112 (base 5) to base 14.
-28327
What is -999661 (base 10) in base 9?
-1783244
Convert -23125214 (base 6) to base 14.
-147362
Convert 233440120 (base 5) to base 10.
1077535
Convert -10110001001110110010 (base 2) to base 6.
-23320454
What is 12313211 (base 6) in base 5?
100223344
Convert -10023111 (base 4) to base 16.
-42d5
-66036151 (base 7) to base 2
-10101100100111110110010
What is b6b6b (base 14) in base 13?
125b26
What is 1010110010001000 (base 2) in base 11?
30203
-46454a (base 13) to base 6
-55414013
What is 121021211 (base 3) in base 4?
2321203
127756 (base 10) to base 15
27cc1
Convert -10000001101001111110110 (base 2) to base 14.
-7c8450
322221122 (base 5) to base 11
854091
606457 (base 8) to base 2
110000110100101111
-1111110000100010 (base 2) to base 10
-64546
102201221211 (base 3) to base 4
320122111
-2d8b (base 16) to base 9
-16884
What is -350011 (base 7) in base 14?
-18a78
-1111001101111110 (base 2) to base 4
-33031332
What is -3042163 (base 7) in base 11?
-228a81
Convert 2505513 (base 6) to base 10.
133461
Convert 1026144 (base 7) to base 8.
363256
Convert -23222332113 (base 4) to base 15.
-40683c
Convert 3976239 (base 10) to base 15.
538229
What is -647127 (base 11) in base 8?
-3744141
Convert 1b772 (base 15) to base 6.
1530012
What is 2311220223 (base 4) in base 13?
200832
Convert -1165725 (base 8) to base 10.
-322517
What is 6de119 (base 15) in base 4?
110010220302
What is -21020222210221 (base 3) in base 4?
-32231311003
12122311 (base 4) to base 12
13271
-550ba5 (base 12) to base 14
-271b65
Convert -112010211021 (base 3) to base 2.
-1000011111101001110
-44038 (base 9) to base 8
-71013
What is -6e45b8 (base 15) in base 5?
-2322423143
Convert -3554240 (base 7) to base 5.
-103403420
Convert -313020121133 (base 4) to base 5.
-12144433234
Convert -197959 (base 15) to base 8.
-4567236
What is 8352004 (base 9) in base 10?
4462942
What is -111003204 (base 6) in base 16?
-1e9f94
100110101001010001 (base 2) to base 3
22001010120
What is 1476c4 (base 13) in base 14?
d0d98
What is 101000100001110101011 (base 2) in base 14?
267da3
What is -3444003044 (base 5) in base 2?
-11101101111101000011010
Convert 1220212032 (base 4) to base 7.
3433032
Convert -2101023010 (base 5) to base 12.
-154072a
d935 (base 15) to base 2
1011001101111110
Convert -8fce2 (base 16) to base 5.
-122322101
d2a27 (base 14) to base 15
a02cb
Convert 10561657 (base 9) to base 16.
4e1b7f
1175205 (base 10) to base 13
321bb5
Convert -12262223 (base 8) to base 11.
-1593122
What is 12f9bc (base 16) in base 14?
2452b2
What is -18188aa (base 12) in base 16?
-4c7c02
What is -121024412 (base 5) in base 12?
-232719
What is 24233116 (base 7) in base 4?
20033033212
212233202 (base 4) to base 2
100110101111100010
324004334 (base 5) to base 13
39930b
What is 163762 (base 8) in base 9?
100405
18401 (base 16) to base 4
120100001
4002242 (base 5) to base 2
1111010101100110
Convert 20201122220002 (base 3) to base 6.
204350002
Convert -119c0d (base 16) to base 12.
-477a39
What is 11010100101111000111110 (base 2) in base 4?
122211320332
1100011011111000 (base 2) to base 3
2120212112
What is 75437c (base 13) in base 4?
22133230112
Convert 200202220212 (base 3) to base 12.
159a35
-2282484 (base 9) to base 13
-343381
Convert 26232 (base 13) to base 2.
10001010000011011
-1bd5fc (base 16) to base 15
-2607bc
What is b364a3 (base 12) in base 13?
775299
4528487 (base 9) to base 7
26512525
What is 5312 (base 7) in base 9?
2508
What is 140153 (base 9) in base 5?
10213142
-30232323220 (base 4) to base 3
-20021120211011
What is b4a63 (base 12) in base 11?
151781
203011023 (base 4) to base 5
14044231
What is 5b9441 (base 14) in base 15?
41e83d
Convert 116802 (base 10) to base 7.
664350
-11c8246 (base 14) to base 11
-4910347
ac9b5 (base 14) to base 16
664c3
What is 1303100301 (base 4) in base 10?
472113
Convert 425042505 (base 6) to base 10.
7517417
What is 3889 (base 14) in base 2?
10011011000001
Convert 555364 (base 7) to base 15.
1e04d
What is 100000001100011011000 (base 2) in base 7?
11652421
25121277 (base 9) to base 2
101110111010000001010011
Convert -188700 (base 10) to base 14.
-4caa8
What is -15368 (base 13) in base 16?
-9ccb
What is -231220231102 (base 4) in base 15?
-10b49cd
40232322 (base 5) to base 8
1162702
What is 11b325 (base 13) in base 16?
67a6f
307044 (base 8) to base 7
603104
-4064603 (base 7) to base 10
-486671
What is -379e80 (base 16) in base 8?
-15717200
What is -31110112 (base 4) in base 12?
-2769a
410431043 (base 5) to base 4
12110011230
What is 6223406 (base 8) in base 14?
30ca22
-420210414 (base 5) to base 12
-6b2832
4231120120 (base 5) to base 4
201300030200
What is -5305333 (base 6) in base 10?
-257817
What is cd854 (base 15) in base 7?
5360350
Convert 4423043434 (base 5) to base 14.
13b5939
What is 11100011101101100010 (base 2) in base 9?
1671380
What is 197dd4 (base 15) in base 11?
778a43
Convert 111210022221122 (base 3) to base 2.
11011111101001101011000
What is -100010100010100001011000 (base 2) in base 16?
-8a2858
What is -1132772 (base 8) in base 2?
-1001011010111111010
-101011000101111 (base 2) to base 16
-562f
Convert -241964 (base 10) to base 14.
-64272
-736963 (base 10) to base 8
-2637303
Convert -20230320 (base 5) to base 7.
-1253322
What is 14d61a (base 14) in base 10?
728360
What is 52057100 (base 8) in base 15?
e7e5bb
-31a875 (base 12) to base 7
-6451553
-195a50 (base 15) to base 5
-303443300
What is 122041144 (base 5) in base 13?
17448b
What is 4a72cc (base 13) in base 14?
347191
What is -4131332 (base 8) in base 7?
-12205363
What is 681037 (base 11) in base 14?
2034a1
b3ed3 (base 15) to base 2
10001011001111101100
-521166 (base 7) to base 16
-15cbd
Convert 132304 (base 5) to base 12.
3101
What is ccdec (base 15) in base 11?
405242
Convert 22201122111 (base 3) to base 4.
221330023
What is 349451 (base 10) in base 12?
14a28b
What is 138502 (base 13) in base 10?
475399
-16571 (base 16) to base 10
-91505
Convert -55105 (base 9) to base 12.
-19188
Convert -2304160 (base 7) to base 2.
-1000110000111001110
What is -100212441 (base 5) in base 3?
-202012202222
11122050 (base 7) to base 14
1b11d0
26605 (base 10) to base 14
99a5
What is 15b082 (base 12) in base 8?
1325642
What is 22231500 (base 6) in base 9?
1235180
15134510 (base 6) to base 3
222201102220
Convert 10010200002010 (base 3) to base 10.
1666551
Convert -21340035 (base 7) to base 14.
-35701c
4d7c3 (base 16) to base 14
8393d
849d9 (base 15) to base 12
183589
What is 543022503 (base 6) in base 13?
200348a
Convert 7330633 (base 8) to base 11.
110a081
Convert 446341 (base 7) to base 4.
103103122
Convert -20031130 (base 5) to base 7.
-1226326
203962 (base 11) to base 2
1001111111001010100
2227 (base 8) to base 6
5235
Convert -5a7b4 (base 12) to base 10.
-122104
1220213300 (base 4) to base 12
187ba8
Convert -bc9db (base 14) to base 16.
-6faf5
10100010101101100 (base 2) to base 13
2bbc4
-2ab13 (base 16) to base 6
-3425323
What is 5500223 (base 6) in base 4?
1002131313
What is 779853 (base 10) in base 7?
6425424
Convert -10443432 (base 5) to base 15.
-1cb12
5972030 (base 10) to base 15
7ce755
What is -a5857 (base 11) in base 6?
-3145223
Convert 2053b1b (base 12) to base 13.
134c69c
Convert -12115201 (base